Suppose -3148*s - 196 = -3176*s. Let c(d) = -d + 2. Determine c(s).
-5
Let s(m) = 2*m - 48. Let y(f) = -f + 32. Let j(n) = -5*s(n) - 8*y(n). Let l be j(-5). Let b(u) = -u**3 - 7*u**2 - 4*u + 3. Determine b(l).
-9
Let h(q) = -9*q**3 + 29*q**2 + 6*q - 28. Let y(t) = -2*t**3 + 5*t**2 - 2*t - 1. Let i(k) = -h(k) + 4*y(k). Determine i(10).
-16
Let q(k) = -19*k**2 + 30*k + 51. Let z(j) = -41*j**2 + 60*j + 106. Let f(r) = 13*q(r) - 6*z(r). Calculate f(31).
-4
Suppose 3*u + 19 - 2 = 4*r, -u + 7 = 5*r. Let i(j) = -27372*j**3 + 27373*j**3 - j + 48*j**2 - 44*j**2 + 2*j + 2*j. Determine i(u).
0
Let g(d) = -d + 2. Let p(n) = -n**3 + 24*n**2 - 25*n + 54. Let j be p(23). Suppose 3*f - 3*o - j = 2*o, 4*f = -5*o - 36. Give g(f).
6
Let q(w) be the second derivative of -w**7/2520 + w**6/90 + w**5/12 - 7*w**4/2 - 68*w. Let c(f) be the third derivative of q(f). Give c(7).
17
Suppose -5*n = -8*n + 12. Suppose -j + n*i = -55, 3*i - 12 = -i. Let r = 60 - j. Let q(t) = 3*t + 10. What is q(r)?
-11
Let o(z) be the first derivative of z**4/12 + z**3/6 - 18*z**2 + 91*z - 186. Let q(r) be the first derivative of o(r). Calculate q(0).
-36
Let h(m) = m**3 + 3*m**2 - m + 3. Suppose 0 = -176*z + 174*z. Suppose -11 = 2*b + t, 0 = b - z*b - 3*t - 12. Calculate h(b).
6
Let y(n) = -n**2 - 11*n - 16. Let v be y(-9). Let k(s) = s**2 - 2 + v*s - 3 + 3 + 1. Let u(h) = -1. Let r(w) = -k(w) + 4*u(w). Give r(-2).
-3
Let b(g) be the first derivative of g**3/3 - g**2 - 7*g - 7. Let q be b(5). Suppose 6*l - q*l = 16. Let s(j) = j**3 + 7*j**2 - 11*j - 6. What is s(l)?
18
Suppose -4*s + 287 = 5*c, 3*c - 4*c + 67 = 4*s. Let r = c + -131. Let t = r - -78. Let i(g) = 4*g**2 + 4*g - 3. What is i(t)?
21
Let t(y) = -y + 2. Let v(q) = -2*q + 3. Let l(r) = 4*t(r) - 3*v(r). Let j(x) = x + 18. Let p be j(-9). Suppose -d + p + 1 = 2*c, -c + 6 = d. Give l(d).
3
Let x(f) be the first derivative of f**4/4 - 2*f**3/3 - 2*f**2 + 4*f + 26. Let g = -1958 - -1962. Calculate x(g).
20
Let z = 850 + -503. Let p = 343 - z. Let v(n) = n**2 + 6*n + 3. Determine v(p).
-5
Let d be (7 + 2808/(-384))*2/15*-1. Let n(a) be the third derivative of 11/6*a**3 - 5*a**2 - d*a**4 + 0*a + 0. What is n(9)?
2
Let h(i) be the first derivative of i**2/2 - 4*i - 17. Suppose 2*o - n = 5 + 3, 5*o + 5*n - 5 = 0. Suppose -30 + 15 = o*t. Determine h(t).
-9
Let d(w) be the second derivative of -w**3/6 - 2*w**2 + 1116*w. Calculate d(-16).
12
Let f(y) = 2*y + 20. Let n(h) = h + 9. Let v = -119 - -125. Let w(z) = v*f(z) - 14*n(z). Calculate w(-5).
4
Let t(l) = -2*l - 13. Suppose 0 = -4*d + 5*x - 24, d - 9*x - 39 = -45. What is t(d)?
-1
Let s(a) be the second derivative of -41*a**3/6 + 87*a**2/2 + 6*a - 61. Give s(2).
5
Suppose -4*u = -3*n + 44, 10 = 29*n + 5*u + 65. Let t(g) = g**2 - 5*g - 1. Let j(s) = s**2 - 6*s. Let o(k) = -4*j(k) + 5*t(k). What is o(n)?
-5
Let s(q) = -188 + 4*q - 131 + 322. Suppose v + z - 6 = 0, -3*z + 1 = v - 7. Determine s(v).
23
Suppose -2*s + 8 = 5*w, 24*s - 26*s + 8 = -w. Let x(d) be the third derivative of -1/24*d**s + 1/40*d**6 + 1/60*d**5 + 0*d + 0 + 0*d**3 + 15*d**2. Give x(1).
3
Let z be (-2)/7 - ((-4484)/(-133) - 40). Let f(k) be the third derivative of 43*k**2 + 0*k**4 + 0*k - 1/6*k**3 + 1/30*k**5 + 0 + 1/20*k**z. Give f(-1).
-5
Let l = 63 - 59. Let k(w) = -w**2 - w + 1. Let b(y) = 5*y**2 + 7*y - 1. Let q(o) = l*k(o) + b(o). Determine q(-5).
13
Let x(l) = 7 - 9*l + l**3 + 18 + l**3 - 2*l**2 + 4*l**2 - 35. Calculate x(-1).
-1
Suppose b = -3*b. Let g(p) = -p**2 - 3*p**2 + 2 + p**3 + b*p**2 - 2*p. Let d(m) = 6232*m - 18692. Let q be d(3). What is g(q)?
-6
Let b(p) = 266 + 3*p + 3*p**2 - 5*p**2 - 523 + 267. What is b(-3)?
-17
Let s(t) = -t + 2*t + 4*t - 4*t + 1. Let c = 8 - 4. Let o be 5/10 - (-2)/c. What is s(o)?
2
Let p(w) = w + 2. Let k be (9 - 14) + 3*3. Suppose -18 = -k*g + 3*g. Suppose -2*u + 4*u + 8 = -3*i, -3*i = 3*u + g. Determine p(u).
-8
Let w(b) be the third derivative of b**5/60 + b**4/6 - b**3/2 - b**2. Suppose 0 = -56*u - 177*u - 1165. Calculate w(u).
2
Let b(v) = v**2 - 12*v + 18. Let z be (9 - 13)/(5/2)*(-30)/3. Determine b(z).
82
Let l(f) = -f**2 + 2*f + 12. Let z be ((-82)/3)/(-9*10/(-540)). Let d = 169 + z. What is l(d)?
-3
Let h(j) = -j - 8. Let g(c) = -c - 7. Let i(f) = 4*g(f) - 3*h(f). Let n be ((20 - 2)*-3)/(-2). Suppose v + 5*o = 11, 3*o = 5*v + n + 2. Give i(v).
0
Let o(z) = 2*z**2 - 77*z - 30. Let p be o(39). Let g(l) = l**3 - 10*l**2 + 12*l - 10. Give g(p).
17
Suppose 0 = -5*g + 46*x - 44*x - 8, 4*g - 152 = 16*x. Let d(l) = 4*l**2 - 4 - 3*l**2 + 6*l - 1. Calculate d(g).
-5
Let v be (12/(-90)*6)/(6/(-2235)). Let y = -294 + v. Let a(i) = -9 - 5*i + 3*i + 3*i. Determine a(y).
-5
Let g(o) = -4*o + 39. Let h = -826 + 823. Let n(f) = 2*f - 18. Let w(c) = h*g(c) - 7*n(c). Calculate w(8).
-7
Let b(s) = -s**3 - 9*s**2 + 13*s - 4. Suppose 0 = -4*l - y - 34, 159 = -4*l + 5*y + 89. Give b(l).
-34
Let b(i) be the first derivative of 1/3*i**3 + 0*i - 57 + i**2. Let r = 6 + -7. Determine b(r).
-1
Let h(g) = 2*g**2 + 32*g. Let l be (4/(-3))/(9/108). Let f be h(l). Let y(j) = f*j + j + j**2 + 25 - 5*j - 28. Give y(4).
-3
Let f(u) = -2*u**3 + 15*u**2 - 9*u + 4. Let x be ((-6)/15)/(4/6 - 561/765). Determine f(x).
58
Let u(r) be the second derivative of r**5/20 - r**4/4 - 4*r**3/3 + 23*r**2/2 - 3258*r. Give u(4).
7
Suppose -3*y = -2*j - 46, 4*y + 14 = -2*j - 4. Let f(q) = 7*q + 14. Let g(x) = -16*x - 29. Let o(k) = 7*f(k) + 3*g(k). Determine o(j).
-6
Let z(g) = -g**3 - 4*g**2 + 6*g + 6. Let l be z(-5). Let u(m) be the second derivative of -1/2*m**3 + 0*m**2 - 19*m - 1. What is u(l)?
-3
Let o = -305 - -297. Let j(b) = -2*b**2 - 35*b - 146. Let w be j(o). Let m(u) = -u - 8. Give m(w).
-14
Let m(v) = -v**3 - v**2 + 2*v + 2. Let s = -274 - -385. Let g = 108 - s. Determine m(g).
14
Let u(f) = 18*f**2 - 6*f. Let d(l) = 109*l**2 - 9*l - 69. Let o(x) = d(x) - 6*u(x). Determine o(-29).
-11
Suppose -57*x + 54*x - 5*h = -34, -4*x + 3*h = 3. Let v(z) = 2*z**3 + 7*z - 5. What is v(x)?
70
Suppose 140*i + 66 + 1054 = 0. Let o(c) = 5*c + 18. Give o(i).
-22
Let r(x) = -4*x + 6*x - 4*x - 2. Suppose -38 = -4*j + z, 5*z = -3*j + 6 + 11. Suppose 0 = 3*t - 9 - j. What is r(t)?
-14
Let x(z) = z**3 + 4*z**2 - 4*z + 2. Suppose -2596 + 26 = -10*u. Suppose 5*w + 190 + 51 = -y, u = -5*w + 3*y. Let f = w + 44. Give x(f).
-3
Let v(s) = 2*s**2 - 25*s + 14. Suppose 3*l - 5*y = 45, 3*y = -l - 3*l + 60. Give v(l).
89
Let j(o) = o**3 - 6*o**2 + 11*o - 17. Let x be j(4). Let n(d) = 55*d + 273. Give n(x).
-2
Let b(w) = w**3 - 9*w**2 + 14*w - 40. Suppose 23*d - 25 - 128 = 31. Calculate b(d).
8
Let j(a) = 6226*a**3 - 12665*a**3 + a**2 + 6316*a**3. What is j(1)?
-122
Suppose -6*b = -p - 8*b - 12, 2*b = -2*p - 26. Let z(h) = -2*h**2 - 30*h - 31. What is z(p)?
-3
Let w(r) be the second derivative of 9*r**3/2 - 35*r**2 - 1856*r. What is w(3)?
11
Let h(m) = 2*m**2 - 1. Let d(f) = -7*f**3 - 12*f**2 - 2*f + 4. Let z(a) = d(a) + 6*h(a). Let b be z(-1). Let s(l) = -l**3 + 6*l**2 + 5*l + 8. Determine s(b).
-6
Let x be 2 + (2 - 1)*1. Let k be ((-5)/10)/(2/(-12)). Let u(a) = -4*a**k - 2*a - x*a + 4*a - 11*a**3. Give u(1).
-16
Let x(j) = -j**2 - 8*j - 18. Let f be 6/(-4)*(8/10 - 3840/(-450)). Give x(f).
-102
Let x(w) = w**2 + 4*w - 3. Let b be (-234)/91*(0 - (-14)/(-6)). Give x(b).
57
Let w(d) = -3*d - 2*d - 4*d**3 + 5*d**3 + 26*d + 23 + 18*d**2. What is w(-17)?
-45
Let q(a) = -71 - 84 + 321 - 70 - 3*a - 73. Determine q(10).
-7
Suppose 0 = k - 4*w - 9, -2*k + 3*w + 10 = -w. Let l(a) = 2*a - 2*a**3 - 9*a**3 + 4*a**2 + 7*a**3 + 5*a**3 - k. Calculate l(-3).
2
Let w(n) be the first derivative of 54 - 107*n**3 - 104*n**3 + 210*n**3 + n. What is w(-3)?
-26
Let n(m) = -m**3 + 2*m**2 + 97*m - 23. Let u be n(-9). Let a(c) = 6*c + 7. Calculate a(u).
-23
Let c(x) = -x**3 + 15*x**2 - 26*x - 2. Let y(t) = t**3 - 5*t**2 + 80*t - 387. Let a be y(5). Determine c(a).
-2
Suppose -c + 4 = 0, 3*u - c + 17 = 4*c. Let b be (6/(-18))/(u/(-3)). Let l(i) = 1155*i - 55 - 1157*i + 103 - 47. Calculate l(b).
-1
Let x(b) = b**3 - 19*b**2 - 19*b + 2. Let g be x(20). Suppose g*f = 23*f + 7. Let o(q) = q - 4. Determine o(f).
-11
Suppose 3*b + 72 = -2*k, 3*k + 74 = -54*b + 58*b. Let o be (108/k)/(8/(-20)). Let j(g) = 2*g - 6. Determine j(o).
12
Let z(m) = -2 + 5*m**2 + 5*m - 4*m**2 + 5